{"id":83,"date":"2023-02-07T20:51:05","date_gmt":"2023-02-07T19:51:05","guid":{"rendered":"https:\/\/kwub.ch\/?page_id=83"},"modified":"2023-02-07T20:51:05","modified_gmt":"2023-02-07T19:51:05","slug":"events","status":"publish","type":"page","link":"https:\/\/kwub.ch\/?page_id=83&lang=en","title":{"rendered":"Events"},"content":{"rendered":"<div class=\"wp-block-image\">\r\n<figure class=\"aligncenter\"><img decoding=\"async\" src=\"http:\/\/www.kwub.ch\/images\/Onko-Header-cut.jpg\" alt=\"\" \/><\/figure>\r\n<\/div> \r\n\r\n<strong>29.\u201330. April 2021, Basel\u00a0<\/strong>\r\n\r\n \r\n\r\n<strong>Swiss Sarcoma Symposium<\/strong>\r\n\r\n \r\n\r\nAm Donnerstag und Freitag den 29. und 30. April 2021 findet im\u00a0Universit\u00e4tsspital Basel das\u00a0<strong>Swiss Sarcoma Symposium<\/strong> statt.\r\n\r\n \r\n\r\nAlle aktuellen Informationen zum Symposium finden Sie in unserem Flyer:\r\n<a href=\"http:\/\/www.kwub.ch\/documents\/SwissSarcomaSymposium-2021.pdf\" target=\"_blank\" rel=\"noreferrer noopener\">&gt; Veranstaltungsflyer downloaden \u2013 SwissSarcomaSymposium-2021.pdf (840 KB)<\/a>\r\n\r\n \r\n\r\n<hr class=\"wp-block-separator has-css-opacity\" \/>\r\n\r\n \r\n<h3 class=\"wp-block-heading\">Past events<\/h3>\r\n \r\n\r\n<strong>07.-08. November 2019,\u00a0Basel<\/strong>\r\n\r\n \r\n\r\n<strong>\u201eTumoren, Infekte, Rheuma\u201c &#8211; Modul 4 der Vereinigung Kinderorthop\u00e4die (VKO) am UKBB<\/strong>\r\n\r\n <div class=\"wp-block-image\">\r\n<figure class=\"aligncenter\"><img decoding=\"async\" src=\"http:\/\/www.kwub.ch\/images\/Zertifikat_Kinderorthopaedie_Modul_4-07.11.2019_07-small.jpg\" alt=\"\" \/><\/figure>\r\n<\/div> \r\n<figure class=\"wp-block-image\"><img decoding=\"async\" src=\"http:\/\/www.kwub.ch\/images\/Zertifikat_Kinderorthopaedie_Modul_4-07.11.2019_28-small.jpg\" alt=\"\" \/><\/figure>\r\n \r\n<figure class=\"wp-block-image\"><img decoding=\"async\" src=\"http:\/\/www.kwub.ch\/images\/Zertifikat_Kinderorthopaedie_Modul_4-07.11.2019_08-small.jpg\" alt=\"\" \/><\/figure>\r\n \r\n\r\nPD Dr. A. Krieg und sein Team durften zum 3. Mal nach 2014 und 2015 dieses Fortbildungsmodul am UKBB im Auftrag der Vereinigung Kinderorthop\u00e4die (VKO) \u00fcber 2 Tage ausrichten. Die Themen Tumoren \/ Infektionen und Rheuma am Bewegungsapparat wurden 31 Teilnehmer (\u00fcberbucht!) aus dem deutschsprachigen Raum durch ein intensives wissenschaftliches Programm mit Vortr\u00e4gen, Workshops, Patienten- Livevorstellungen und intensiven fachlichen Diskussionen durch geladene, international anerkannte Referenten sowie spezialisierte Kollegen aus dem KWUB \/ UKBB vermittelt. Der Kurs war ein voller Erfolg, wenn man den Beurteilungen der Teilnehmer glauben darf.\r\n\r\n \r\n\r\n<strong>22.\u201323. November 2019, Basel<\/strong>\r\n\r\n \r\n\r\n<strong>Internationaler Kongress zu Spinalen Tumoren in Basel<\/strong>\r\n\r\n \r\n\r\n<strong>Am 22.\/23. November 2019 trafen sich in Basel 37 der weltf\u00fchrenden Experten aus zw\u00f6lf Nationen um sich \u00fcber die neusten Entwicklungen auf dem Gebiet der Krebserkrankungen der Wirbels\u00e4ule auszutauschen. <\/strong><strong>Mit \u00fcber 100 Teilnehmern konnte das Meeting an den Erfolg vom letzten Mal ankn\u00fcpfen.<\/strong>\r\n\r\n \r\n\r\nAlle drei Jahre treffen sich in Basel Experten auf dem Gebiet der Krebserkrankungen der Wirbels\u00e4ule. Am diesj\u00e4hrigen Meeting wurden neueste Forschungsergebnisse und Versorgungskonzepte vorgestellt. Auch konnten innovative Techniken wie zum Beispiel der Einsatz von Virtual Reality in der Ausbildung von Wirbels\u00e4ulenchirurgen von den Teilnehmern selbst getestet werden. Eine erfolgreiche Behandlung von spinalen Tumoren gelingt nur im Team. Und um auch hier den internationalen Standards gerecht zu werden, ist ein regelm\u00e4ssiger Austausch unabdingbar. So waren auch in diesem Jahr in Basel An\u00e4sthesisten, Osteoporose-Experten, Radioonkologen und andere Spezialistinnen und Spezialisten am Kongress beteiligt.\r\n\r\n \r\n\r\nDie verschiedenen Formen von Wirbels\u00e4ulentumoren und ihre teils hochspezialisierten Behandlungsm\u00f6glichkeiten wurden im Verlauf des Programms umfassend besprochen. Das Spektrum reichte von gutenartigen Tumoren \u00fcber Prim\u00e4rtumoren bis zu den Metastasen, also Tumoren die ihren Ursprung an einem anderen Ort haben, wie beispielsweise bei Lungen- oder Brustkrebs.\r\n\r\n \r\n\r\nExperten gehen davon aus, dass die Zahl der Betroffenen, vor allem aufgrund des steigenden Durchschnittsalters und der dank verbesserter Behandlungsm\u00f6glichkeiten h\u00f6heren \u00dcberlebensrate in den n\u00e4chsten Jahren weiter zunehmen wird.\r\n\r\n \r\n\r\nAm Universit\u00e4tsspital in Basel hat die Behandlung von Tumoren im Bereich von Knochen und Weichteilen und auch der Wirbels\u00e4ule eine Jahrzehnte lange Tradition. Die lokalen Gastgeber Prof. Dr. Stefan Sch\u00e4ren, Chefarzt der Spinalen Chirurgie und Leiter des Wirbels\u00e4ulenzentrums und Dr. Cordula Netzer, Stv. Leiterin des Wirbels\u00e4ulenzentrums, und Organisatorin des diesj\u00e4hrigen Meetings konnten mit diesem hochkar\u00e4tigen Kongress erneut den Stellenwert von Basel im internationalen Kontext unterstreichen.\r\n\r\n <div class=\"wp-block-image\">\r\n<figure class=\"aligncenter\"><img decoding=\"async\" src=\"http:\/\/www.kwub.ch\/images\/Foto-BMB-Spine-Meeting-Basel-2019.jpg\" alt=\"\" \/><\/figure>\r\n<\/div> \r\n\r\nv. l. n. r.\r\n\r\n \r\n<ul class=\"wp-block-list\">\r\n \t<li>PD Dr. med. Cordula Netzer (Kader\u00e4rztin Spinale Chirurgie und Stv. Leiterin Wirbels\u00e4ulenzentrum, Universit\u00e4tsspital Basel, Schweiz)<\/li>\r\n \r\n \t<li>Prof. Stefano Boriani (Chefarzt Spinale Tumorchirurgie, Istituto Ortopedico Galeazzi, Milano, Italy)<\/li>\r\n \r\n \t<li>Dr. Aron Lazary (Forschungsleiter Spinale Tumorchirurgie, Buda Health Center, Budapest, Ungarn)<\/li>\r\n \r\n \t<li>Prof. Stefan Sch\u00e4ren (Chefarzt Spinale Chirurgie und Leiter Wirbels\u00e4ulenzentrum, Universit\u00e4tsspital Basel, Schweiz)<\/li>\r\n<\/ul>\r\n \r\n\r\n<strong>23. April 2016, Z\u00fcrich<\/strong>\r\nAm Samstag den 23. April 2016 findet in Z\u00fcrich der\u00a0<a href=\"http:\/\/www.kwub.ch\/documents\/3.Sarkom-Patiententag-23.April.2016-Zurich.pdf\">3. Sarkom-Patiententag<\/a>\u00a0statt. Die von der Patientenorganisation\u00a0<a href=\"http:\/\/www.swiss-sarcoma.ch\/\"><em>swiss sarcoma<\/em><\/a>\u00a0organisierte Veranstaltung dient dem Informationsaustausch zwischen Betroffenen, Angeh\u00f6rigen und Experten. Weiterf\u00fchrende Informationen zum Programm erhalten Sie unter dem nebenstehenden Link:\u00a0<a href=\"http:\/\/www.kwub.ch\/documents\/3.Sarkom-Patiententag-23.April.2016-Zurich.pdf\">Programm<\/a>.\r\n\r\n \r\n<figure class=\"wp-block-image\"><a href=\"http:\/\/www.swiss-sarcoma.ch\/\" target=\"_blank\" rel=\"noreferrer noopener\"><img decoding=\"async\" src=\"http:\/\/www.kwub.ch\/images\/SwissSarcoma-logo.jpg\" alt=\"\" \/><\/a><\/figure>\r\n \r\n\r\nVeranstaltungsort:\u00a0<a href=\"https:\/\/www.google.ch\/maps\/place\/Au+Premier\/@47.3779446,8.5331199,15z\/data=!4m2!3m1!1s0x0:0x40f65076ad429da \">Au Premier im Hauptbahnhof Z\u00fcrich, Raum Alcina<\/a>\u00a0(Lift vorhanden).\r\n\r\n \r\n\r\nAnmeldung:\r\nBitte melden Sie sich per Mail (info@sarkom-schweiz.ch) oder per Telefon (077 440 89 18) an. Anmeldeschluss ist Samstag, der 16. April 2016.\r\n\r\n \r\n\r\n<strong>05.\u201306. Juni 2015, Basel<\/strong>\r\nIm Rahmen der Zertifikatserwerbung Kinderorthop\u00e4die der <a href=\"http:\/\/www.kinderorthopaedie.org\/\">Vereinigung f\u00fcr Kinderorthop\u00e4die (VKO<\/a>) f\u00fcr das 4. Modul hat am 5. und 6. Juni 2015 in Basel <a href=\"http:\/\/www.kinderorthopaedie.org\/images\/PDFs\/Flyer%20VKO%20Basel_Modul%204_1805.pdf\">Kurs &#8220; Tumoren, Infektionen, Rheuma&#8220;<\/a> stattgefunden.\r\n\r\n <div class=\"wp-block-image\">\r\n<figure class=\"aligncenter\"><a href=\"http:\/\/www.kwub.ch\/images\/VKO-Kurs-2015-Modul-4-Teilnehmer-1.jpg\" target=\"_blank\" rel=\"noreferrer noopener\"><img decoding=\"async\" src=\"http:\/\/www.kwub.ch\/images\/VKO-Kurs-2015-Modul-4-Teilnehmer-1.jpg\" alt=\"\" \/><\/a><\/figure>\r\n<\/div> \r\n\r\n<strong>20.\u201321. Juni 2014, Basel<\/strong>\r\n<strong>Zertifikat\u00a0Kinderorthop\u00e4die &#8211;\u00a0Modul 4 \u00a0&#8222;Tumoren,\u00a0Infektionen,\u00a0Rheuma&#8220;<\/strong>\r\nKurs der\u00a0<a href=\"http:\/\/www.kinderorthopaedie.org\/\">Vereinigung f\u00fcr Kinderorthop\u00e4die (VKO<\/a>)\r\n\r\n <div class=\"wp-block-image\">\r\n<figure class=\"aligncenter\"><img decoding=\"async\" src=\"http:\/\/www.kwub.ch\/images\/VKO-Kurs-2014-Modul-4-Teilnehmer.jpg\" alt=\"\" \/><\/figure>\r\n<\/div>  <!--more--> ","protected":false},"excerpt":{"rendered":"<p>29.\u201330. April 2021, Basel\u00a0 Swiss Sarcoma Symposium Am Donnerstag und Freitag den 29. und 30. April 2021 findet im\u00a0Universit\u00e4tsspital Basel das\u00a0Swiss Sarcoma Symposium statt. Alle aktuellen Informationen zum Symposium finden Sie in unserem Flyer: &gt; Veranstaltungsflyer downloaden \u2013 SwissSarcomaSymposium-2021.pdf (840 KB) Past events 07.-08. November 2019,\u00a0Basel \u201eTumoren, Infekte, Rheuma\u201c &#8211; Modul 4 der Vereinigung Kinderorthop\u00e4die [&hellip;]<\/p>\n","protected":false},"author":1,"featured_media":0,"parent":0,"menu_order":5,"comment_status":"closed","ping_status":"closed","template":"","meta":{"footnotes":""},"class_list":["post-83","page","type-page","status-publish","hentry"],"_links":{"self":[{"href":"https:\/\/kwub.ch\/index.php?rest_route=\/wp\/v2\/pages\/83","targetHints":{"allow":["GET"]}}],"collection":[{"href":"https:\/\/kwub.ch\/index.php?rest_route=\/wp\/v2\/pages"}],"about":[{"href":"https:\/\/kwub.ch\/index.php?rest_route=\/wp\/v2\/types\/page"}],"author":[{"embeddable":true,"href":"https:\/\/kwub.ch\/index.php?rest_route=\/wp\/v2\/users\/1"}],"replies":[{"embeddable":true,"href":"https:\/\/kwub.ch\/index.php?rest_route=%2Fwp%2Fv2%2Fcomments&post=83"}],"version-history":[{"count":1,"href":"https:\/\/kwub.ch\/index.php?rest_route=\/wp\/v2\/pages\/83\/revisions"}],"predecessor-version":[{"id":84,"href":"https:\/\/kwub.ch\/index.php?rest_route=\/wp\/v2\/pages\/83\/revisions\/84"}],"wp:attachment":[{"href":"https:\/\/kwub.ch\/index.php?rest_route=%2Fwp%2Fv2%2Fmedia&parent=83"}],"curies":[{"name":"wp","href":"https:\/\/api.w.org\/{rel}","templated":true}]}}

<div class="wp-block-image">
<figure class="aligncenter"><img decoding="async" src="http://www.kwub.ch/images/Onko-Header-cut.jpg" alt="" /></figure>
</div> 

<strong>29.–30. April 2021, Basel </strong>

 

<strong>Swiss Sarcoma Symposium</strong>

 

Am Donnerstag und Freitag den 29. und 30. April 2021 findet im Universitätsspital Basel das <strong>Swiss Sarcoma Symposium</strong> statt.

 

Alle aktuellen Informationen zum Symposium finden Sie in unserem Flyer:
<a href="http://www.kwub.ch/documents/SwissSarcomaSymposium-2021.pdf" target="_blank" rel="noreferrer noopener">&gt; Veranstaltungsflyer downloaden – SwissSarcomaSymposium-2021.pdf (840 KB)</a>

 

<hr class="wp-block-separator has-css-opacity" />

 
<h3 class="wp-block-heading">Past events</h3>
 

<strong>07.-08. November 2019, Basel</strong>

 

<strong>„Tumoren, Infekte, Rheuma“ &#8211; Modul 4 der Vereinigung Kinderorthopädie (VKO) am UKBB</strong>

 <div class="wp-block-image">
<figure class="aligncenter"><img decoding="async" src="http://www.kwub.ch/images/Zertifikat_Kinderorthopaedie_Modul_4-07.11.2019_07-small.jpg" alt="" /></figure>
</div> 
<figure class="wp-block-image"><img decoding="async" src="http://www.kwub.ch/images/Zertifikat_Kinderorthopaedie_Modul_4-07.11.2019_28-small.jpg" alt="" /></figure>
 
<figure class="wp-block-image"><img decoding="async" src="http://www.kwub.ch/images/Zertifikat_Kinderorthopaedie_Modul_4-07.11.2019_08-small.jpg" alt="" /></figure>
 

PD Dr. A. Krieg und sein Team durften zum 3. Mal nach 2014 und 2015 dieses Fortbildungsmodul am UKBB im Auftrag der Vereinigung Kinderorthopädie (VKO) über 2 Tage ausrichten. Die Themen Tumoren / Infektionen und Rheuma am Bewegungsapparat wurden 31 Teilnehmer (überbucht!) aus dem deutschsprachigen Raum durch ein intensives wissenschaftliches Programm mit Vorträgen, Workshops, Patienten- Livevorstellungen und intensiven fachlichen Diskussionen durch geladene, international anerkannte Referenten sowie spezialisierte Kollegen aus dem KWUB / UKBB vermittelt. Der Kurs war ein voller Erfolg, wenn man den Beurteilungen der Teilnehmer glauben darf.

 

<strong>22.–23. November 2019, Basel</strong>

 

<strong>Internationaler Kongress zu Spinalen Tumoren in Basel</strong>

 

<strong>Am 22./23. November 2019 trafen sich in Basel 37 der weltführenden Experten aus zwölf Nationen um sich über die neusten Entwicklungen auf dem Gebiet der Krebserkrankungen der Wirbelsäule auszutauschen. </strong><strong>Mit über 100 Teilnehmern konnte das Meeting an den Erfolg vom letzten Mal anknüpfen.</strong>

 

Alle drei Jahre treffen sich in Basel Experten auf dem Gebiet der Krebserkrankungen der Wirbelsäule. Am diesjährigen Meeting wurden neueste Forschungsergebnisse und Versorgungskonzepte vorgestellt. Auch konnten innovative Techniken wie zum Beispiel der Einsatz von Virtual Reality in der Ausbildung von Wirbelsäulenchirurgen von den Teilnehmern selbst getestet werden. Eine erfolgreiche Behandlung von spinalen Tumoren gelingt nur im Team. Und um auch hier den internationalen Standards gerecht zu werden, ist ein regelmässiger Austausch unabdingbar. So waren auch in diesem Jahr in Basel Anästhesisten, Osteoporose-Experten, Radioonkologen und andere Spezialistinnen und Spezialisten am Kongress beteiligt.

 

Die verschiedenen Formen von Wirbelsäulentumoren und ihre teils hochspezialisierten Behandlungsmöglichkeiten wurden im Verlauf des Programms umfassend besprochen. Das Spektrum reichte von gutenartigen Tumoren über Primärtumoren bis zu den Metastasen, also Tumoren die ihren Ursprung an einem anderen Ort haben, wie beispielsweise bei Lungen- oder Brustkrebs.

 

Experten gehen davon aus, dass die Zahl der Betroffenen, vor allem aufgrund des steigenden Durchschnittsalters und der dank verbesserter Behandlungsmöglichkeiten höheren Überlebensrate in den nächsten Jahren weiter zunehmen wird.

 

Am Universitätsspital in Basel hat die Behandlung von Tumoren im Bereich von Knochen und Weichteilen und auch der Wirbelsäule eine Jahrzehnte lange Tradition. Die lokalen Gastgeber Prof. Dr. Stefan Schären, Chefarzt der Spinalen Chirurgie und Leiter des Wirbelsäulenzentrums und Dr. Cordula Netzer, Stv. Leiterin des Wirbelsäulenzentrums, und Organisatorin des diesjährigen Meetings konnten mit diesem hochkarätigen Kongress erneut den Stellenwert von Basel im internationalen Kontext unterstreichen.

 <div class="wp-block-image">
<figure class="aligncenter"><img decoding="async" src="http://www.kwub.ch/images/Foto-BMB-Spine-Meeting-Basel-2019.jpg" alt="" /></figure>
</div> 

v. l. n. r.

 
<ul class="wp-block-list">
 	<li>PD Dr. med. Cordula Netzer (Kaderärztin Spinale Chirurgie und Stv. Leiterin Wirbelsäulenzentrum, Universitätsspital Basel, Schweiz)</li>
 
 	<li>Prof. Stefano Boriani (Chefarzt Spinale Tumorchirurgie, Istituto Ortopedico Galeazzi, Milano, Italy)</li>
 
 	<li>Dr. Aron Lazary (Forschungsleiter Spinale Tumorchirurgie, Buda Health Center, Budapest, Ungarn)</li>
 
 	<li>Prof. Stefan Schären (Chefarzt Spinale Chirurgie und Leiter Wirbelsäulenzentrum, Universitätsspital Basel, Schweiz)</li>
</ul>
 

<strong>23. April 2016, Zürich</strong>
Am Samstag den 23. April 2016 findet in Zürich der <a href="http://www.kwub.ch/documents/3.Sarkom-Patiententag-23.April.2016-Zurich.pdf">3. Sarkom-Patiententag</a> statt. Die von der Patientenorganisation <a href="http://www.swiss-sarcoma.ch/"><em>swiss sarcoma</em></a> organisierte Veranstaltung dient dem Informationsaustausch zwischen Betroffenen, Angehörigen und Experten. Weiterführende Informationen zum Programm erhalten Sie unter dem nebenstehenden Link: <a href="http://www.kwub.ch/documents/3.Sarkom-Patiententag-23.April.2016-Zurich.pdf">Programm</a>.

 
<figure class="wp-block-image"><a href="http://www.swiss-sarcoma.ch/" target="_blank" rel="noreferrer noopener"><img decoding="async" src="http://www.kwub.ch/images/SwissSarcoma-logo.jpg" alt="" /></a></figure>
 

Veranstaltungsort: <a href="https://www.google.ch/maps/place/Au+Premier/@47.3779446,8.5331199,15z/data=!4m2!3m1!1s0x0:0x40f65076ad429da ">Au Premier im Hauptbahnhof Zürich, Raum Alcina</a> (Lift vorhanden).

 

Anmeldung:
Bitte melden Sie sich per Mail (info@sarkom-schweiz.ch) oder per Telefon (077 440 89 18) an. Anmeldeschluss ist Samstag, der 16. April 2016.

 

<strong>05.–06. Juni 2015, Basel</strong>
Im Rahmen der Zertifikatserwerbung Kinderorthopädie der <a href="http://www.kinderorthopaedie.org/">Vereinigung für Kinderorthopädie (VKO</a>) für das 4. Modul hat am 5. und 6. Juni 2015 in Basel <a href="http://www.kinderorthopaedie.org/images/PDFs/Flyer%20VKO%20Basel_Modul%204_1805.pdf">Kurs &#8220; Tumoren, Infektionen, Rheuma&#8220;</a> stattgefunden.

 <div class="wp-block-image">
<figure class="aligncenter"><a href="http://www.kwub.ch/images/VKO-Kurs-2015-Modul-4-Teilnehmer-1.jpg" target="_blank" rel="noreferrer noopener"><img decoding="async" src="http://www.kwub.ch/images/VKO-Kurs-2015-Modul-4-Teilnehmer-1.jpg" alt="" /></a></figure>
</div> 

<strong>20.–21. Juni 2014, Basel</strong>
<strong>Zertifikat Kinderorthopädie &#8211; Modul 4  &#8222;Tumoren, Infektionen, Rheuma&#8220;</strong>
Kurs der <a href="http://www.kinderorthopaedie.org/">Vereinigung für Kinderorthopädie (VKO</a>)

 <div class="wp-block-image">
<figure class="aligncenter"><img decoding="async" src="http://www.kwub.ch/images/VKO-Kurs-2014-Modul-4-Teilnehmer.jpg" alt="" /></figure>
</div>  <!--more-->

<p>29.–30. April 2021, Basel  Swiss Sarcoma Symposium Am Donnerstag und Freitag den 29. und 30. April 2021 findet im Universitätsspital Basel das Swiss Sarcoma Symposium statt. Alle aktuellen Informationen zum Symposium finden Sie in unserem Flyer: &gt; Veranstaltungsflyer downloaden – SwissSarcomaSymposium-2021.pdf (840 KB) Past events 07.-08. November 2019, Basel „Tumoren, Infekte, Rheuma“ &#8211; Modul 4 der Vereinigung Kinderorthopädie [&hellip;]</p>
